7*s**2 - 97*s + 62. Is g(-20) composite?
True
Let v = 55550 + -34687. Is v prime?
False
Let v be ((-59)/4)/(6/24). Let a = -60 - v. Is a/2*(-4 - 442) prime?
True
Let h(u) be the first derivative of 41*u**3/3 - 2*u**2 + 13*u - 1. Is h(-8) a prime number?
False
Is (4/16*-73694)/(28/(-56)) a prime number?
True
Let o = 13 - -5. Let n = -15 + o. Suppose 0 = -n*a + 462 + 345. Is a a prime number?
True
Suppose -4*n + 29414 = -18126. Suppose -4*a + 35857 = n. Is a a prime number?
False
Suppose -13*z + 10*z = 4*b - 687, 0 = -z - 4*b + 229. Suppose 29686 = z*r - 227*r. Is r composite?
False
Is (7 + -4 - 1) + 29459/(5 + -4) a prime number?
False
Let y = 106793 - 50596. Is y composite?
False
Let p(d) = -d**2 - 7*d - 15. Let s be p(7). Let j = s - -1200. Is j a prime number?
True
Let a be 2/3 + 3921034/39. Is (a/(-80))/(1/(-4)) a composite number?
True
Let h(k) = 9*k + k**3 + 249 - 261 - 7*k**2 + 18*k. Let x(l) = l**3 + 10*l**2 - 12*l. Let f be x(-11). Is h(f) prime?
True
Let z = 3694 + -2045. Let p = z + 44. Is p composite?
False
Is (30 + -52192)*(3 + -4)/2 a composite number?
True
Suppose z - 54026 = 3*j + 219356, -4*z + 4*j + 1093488 = 0. Is z a composite number?
False
Let j be (-9 + 3 - -3)*2. Let g be 4/j*1 + 24/(-18). Is 3*(g - -4)/(10/1255) composite?
True
Let s(t) = -t**3 - 2*t**2 + 4*t + 3. Let u be s(3). Let h = u + 27. Let d(j) = -99*j + 10. Is d(h) a prime number?
True
Suppose 8*a - 7044031 = 5*g, -4*g = -4*a - 9*g + 3522053. Is a prime?
False
Is ((-779796)/(-63))/((-4)/(196/231) + 5) prime?
False
Let j = -14 - -41. Let g be (j/(-4))/(30/(-3720)). Suppose 5*x + g = 14*x. Is x composite?
True
Suppose 6*a = -8797 - 2597. Is -1 - (a + -6 + 3) prime?
True
Let b(l) be the first derivative of 324*l**2 + 11*l + 57. Is b(5) composite?
False
Let n(r) = 1330*r - 39. Let j be n(7). Suppose 0 = -2*u + 547 + j. Is u a composite number?
False
Let p = -8152 - -30111. Is p a prime number?
False
Let z = -40 + 45. Suppose 4*y + 4*m - 12 = 0, -z*y + m = -2*y - 17. Suppose l = -y*k + 5130, 4*k = k + l + 3086. Is k a prime number?
False
Let c be 4 + (4 - -1)/5. Is 190*c + (-4)/4 + 0 prime?
False
Let k = -109363 - -200994. Is k prime?
True
Suppose 5112495 + 7764354 = 23*l - 572792. Is l composite?
False
Let j be 5 + (-315)/(-5) - 4. Suppose -j*o + 8879 = -63*o. Is o prime?
False
Let h(g) = 3883*g - 3883*g - 5 + g**2. Let k be h(3). Suppose -2*u - 146 = k*c - 6294, 3*u + 6148 = 4*c. Is c composite?
True
Let j = -1680 + 1135. Let f = 372 - j. Is f composite?
True
Is -1 + 15 + 98087/1 composite?
False
Let t = -40 + 53. Suppose 0 - 39 = -t*d. Suppose j - 2*y = 5*j - 804, -d*y = -4*j + 824. Is j prime?
False
Let k = -2922 - 8137. Let b = k - -16796. Is b composite?
False
Suppose 13*o + 3*o = 3*o + 6193759. Is o composite?
True
Let z(q) be the third derivative of -q**4/24 - q**3 - 9*q**2. Let m be z(-9). Is (-1)/m + (-3788)/(-6) a composite number?
False
Suppose -18950 = 9*j + 3190. Let r = j + 10511. Is r composite?
True
Let c = 609126 + -411179. Is c a composite number?
False
Let h = -24 + 31. Let t be 21/h*1/1. Suppose -2656 = l - 4*l - k, -3*k - 2676 = -t*l. Is l composite?
False
Let f = 767 + -495. Suppose -f = -g - 113. Is -2*g/6*-2 a prime number?
False
Let y be 694/(-12) - -1*5/(-30). Is (18787/(-2))/(29/y) a composite number?
False
Suppose 4*p - 3*r - 969 = 0, 298 = 2*p + 4*r - 192. Suppose -2 + 0 = l + 2*m, -2*l = 3*m. Suppose -l*a - w = -a - 413, -3*a = 3*w - p. Is a composite?
False
Suppose 36*b - 17*b = 95. Suppose 7636 = b*h + 331. Is h a composite number?
True
Let c(o) = 6*o**2 - 5*o + 11. Let z be c(8). Suppose 3*v = 1889 + z. Is (6/(-12))/((-2)/v) prime?
False
Let c = 61915 - -25548. Is c composite?
True
Let b(u) = -15 - 10 - 16 + 18*u + 62*u**2 + 378*u**2 - 26*u**2. Is b(2) prime?
False
Let k(v) = -v**3 + 21*v**2 + 2*v + 19. Let u(g) be the first derivative of -g**4/4 - 22*g**3/3 - 23*g**2/2 - 27*g + 25. Let c be u(-21). Is k(c) a prime number?
True
Let g be (798/(-76))/((-6)/472). Let d = -587 + g. Is d composite?
False
Let r = -3444 - -3733. Is r a composite number?
True
Suppose 2*x - 5*o - 159399 = 0, -159364 = 14*x - 16*x - 2*o. Is x composite?
False
Suppose -5*r = 11*d - 14*d + 4532, 4 = -4*d. Let n be (456/(-7))/(1/7). Let p = n - r. Is p a composite number?
True
Let h = -380755 + 640802. Is h prime?
True
Let u be (2/4)/((-3)/36*-1). Let f be (((-63)/u)/3)/(1/(-2)). Is -2 + 16/f + (-48068)/(-28) prime?
False
Let d(l) be the third derivative of 9*l**5/20 + 5*l**4/6 - 8*l**3 + 6*l**2 - 2*l. Let v be d(15). Suppose -4*k + v = 5*k. Is k composite?
True
Is 1320151/35 + -2 + 2/5 composite?
False
Let j(k) = 4*k**2 - 32*k + 81. Suppose 5*o = 216 - 61. Is j(o) a prime number?
False
Let b = 13946 + 11831. Is b a prime number?
False
Let j be 5*((-7)/35 - -1). Suppose 2*z - f = 746, j*z = 2*z + 5*f + 762. Is z a composite number?
True
Let m = -2352 + 4341. Let z = m - 65. Let d = -985 + z. Is d composite?
True
Let x(s) = 7*s**2 - 7*s - 16. Let y be x(23). Suppose -8*z + y = -9010. Is z a prime number?
True
Is (((-2299470)/24)/(-5))/(17/68) prime?
True
Let q be ((-12)/(-3) - -1269)/(2/(-12)). Let w = 15049 + q. Is w a prime number?
True
Let m(g) = 424*g**2 - 40*g + 59. Is m(10) a composite number?
True
Let v = 480 - 1062. Let x = -888 - -1765. Let q = x + v. Is q prime?
False
Suppose 0 = 104*s - 265*s + 1357197 + 11636952. Is s composite?
True
Let l = -195615 - -337733. Is l prime?
False
Is (-2 - -6031)/((-78)/(-234)) a prime number?
False
Let q(j) = 11012*j**3 - 11*j**2 + 15*j - 3. Is q(1) composite?
True
Let y be 2/(42/35)*3. Suppose 28571 = y*t - 6944. Is t prime?
True
Let y = 2842 + 2973. Is y a composite number?
True
Let r(u) = 21*u**2 + 9*u - 5. Is r(34) prime?
False
Suppose -2*i - 78514 = -4*w - 9602, -4*i - 17207 = -w. Is w a composite number?
False
Let h(b) = 403*b**3 + 2*b**2 + 38*b - 166. Is h(5) a prime number?
False
Let y(x) = 2*x**2 + 17*x + 24. Let p be (16 + -15)*(4 - 0). Suppose 0 = -4*m - 2*i - 38, m + p*i + 0 - 1 = 0. Is y(m) prime?
True
Let s = 266429 - 109080. Is s a prime number?
True
Suppose 0 = -13*i + 1844791 - 360958. Is i prime?
False
Is ((-51)/(-51))/(3/63015) composite?
True
Suppose -25*u + 946890 = 10*u. Let v = 40271 - u. Is v a composite number?
False
Suppose g + 36 = 5*s, -5*g = -2*s + 3*s + 102. Let n = g - -19. Is 0/((-6)/n) + 1047 a composite number?
True
Let g(s) = 59060*s**2 + 72*s + 147. Is g(-2) composite?
True
Suppose -18*f + 3332136 = -2192478. Is f prime?
False
Let i(k) = 1641*k**2 + 34*k - 4. Is i(-7) a composite number?
False
Let y(u) = -2*u**3 + 17*u**2 + 10*u - 3. Let v be y(9). Suppose 0 = g - 3, 2*r + g - v*g = 33559. Is r a prime number?
True
Suppose 204*n = 6439982 - 1337330. Is n a prime number?
True
Let w be (0 + (-4)/12)/((-2)/6). Let h(d) = -5*d + 17*d**2 - d**2 - 2 + 0 - w. Is h(-5) a prime number?
False
Suppose -173*j + 317188 = -972181. Is j a prime number?
False
Suppose -17*o - 7548 = -29*o. Is o a prime number?
False
Let a be -1 + -3 + 8 + 85. Let c = -138 + a. Let s = c + 206. Is s a prime number?
True
Suppose -67 = 2*i + j, -i - 3*j = 2*j + 38. Let r = -30 - i. Suppose s - 1017 = 3*x - 2911, r*x - 4*s - 1897 = 0. Is x prime?
True
Suppose -18*k = -1253256 - 52338. Is k a prime number?
True
Is 28961*(14 - (13 - 0)) a composite number?
False
Let q(r) = -4*r**3 - 3*r**2 - 42*r + 252. Is q(-23) a prime number?
True
Let j(n) = n + 7. Let d be j(-29). Is (-32245 + 0)*d/110 composite?
False
Is (27/((-216)/(-25072)))/(2/(-633)*-3) composite?
True
Suppose 0 = -5*n + 3*p + 4, -p + 0 = -3*n + 4. Suppose -3*h - 4*i = -20, 3*h + n*i - 4 = 6*i. Is (19*-1)/(h/(-1 + -3)) a prime number?
True
Let p(t) = -1024*t + 809. Is p(-2) prime?
True
Suppose 0 = -0*i - 5*i + 5*b, 3*i - 5*b = -10. Let v(o) = 907*o + 26. Is v(i) prime?
True
Let j(t) = 9*t - 3. Let h(r) = r. Let i(w) = -h(w) - j(w). Let g be (-5)/4 + (-3)/(36/(-3)). Is i(g) composite?
False
Suppose -2*q + 78313 = 5*n, 46979 = 3*n + 43*q - 44*q. Is n prime?
True
Let v(l) = 249*l**2 + 8*l + 12. Let q(k) = -k**2 - 3*k + 13. Let w be q(3). Is v(w) a composite number?
False
Suppose 194269 = 4*w - 3*m, 138*w - 135*w - 145733 = -4*m. Is w composite?
False
Let i(o) = 10*o + 4*o**2 + 29 + 44*o**2 + 7*o**2. Is i(-4) prime?
False
Is 402629 + 0 + 15 + -13 composite?
False
